. What are the prime factors of y(-4)?
3, 13
Let y(t) = t**2 - t - 4. Let s be y(4). Let r(j) = -1 + 7*j - 4*j - 11. List the prime factors of r(s).
2, 3
Let k be -1 + 6/2 + -1. Suppose 2 = 3*u - k. What are the prime factors of u - (2 + -2) - -2?
3
Let k = 59 - 34. List the prime factors of k.
5
Suppose 3*o + 1 = -20. Let s = o + 12. List the prime factors of s.
5
Suppose 75 = 5*n - 5*v, -3 = -2*n - 4*v + 57. Let s = 28 - n. List the prime factors of s.
2
Suppose 0 = 8*d - 61 - 83. What are the prime factors of d?
2, 3
Let t(f) = -16*f + 6. List the prime factors of t(-5).
2, 43
Let x(p) = p - 1. Let k be x(3). Suppose 2*s - 11 = -k*h + 19, -5 = -5*s. List the prime factors of h.
2, 7
Let q(h) = -h - 5. Let c(l) = -l - 5. Let p(i) = 4*c(i) - 5*q(i). Suppose -u - u + 20 = 3*j, u - j = 0. What are the prime factors of p(u)?
3
Suppose -4*c - 3 = 1. Let r be (c - -4)/((-12)/(-40)). Suppose 38 = 4*w - r. List the prime factors of w.
2, 3
Suppose -20 = p - 2*r, -2*r = 5*p + 2*r + 58. Let d = -7 - p. List the prime factors of d.
7
Suppose -5*c - 363 = -1243. List the prime factors of c.
2, 11
Let l(y) = -6*y + 1. Let u be l(2). Let r be (10/(-6))/((-3)/(-36)). Let a = u - r. What are the prime factors of a?
3
Let n = -10 + 6. Let h be 210/8 - (-1)/n. Suppose 0 = 5*t - 4 - h. List the prime factors of t.
2, 3
Let b(v) = v**3 - 5*v**2 + v + 6. Let h be b(6). Suppose -3*k = -a + 29, 0 = -a + 5*k + h - 9. Suppose -3*s = -s - a. List the prime factors of s.
7
Let b(c) = c - 6. Suppose -20 = -3*s - 77. Let k = 29 + s. What are the prime factors of b(k)?
2
Let m(c) = c + 32. Let r be m(0). Suppose 1 = -s - u + r, -3*s = 2*u - 94. List the prime factors of s.
2
Suppose 76 = 3*w - 8. List the prime factors of w.
2, 7
Suppose 3*n = t - 69, -2*t + 2*n + 306 = 3*t. List the prime factors of t.
2, 3, 5
Let p(j) be the second derivative of j**5/20 - j**4/4 + j**3/3 - j**2 - 4*j. Suppose 4*k = k + 9. List the prime factors of p(k).
2
Let p = 209 + -40. List the prime factors of p.
13
Let i(a) = a**2 + 12*a + 11. What are the prime factors of i(-15)?
2, 7
Let k = 160 + -40. List the prime factors of k.
2, 3, 5
Let i = 9 + -4. Suppose 2*y - y - 2 = -3*q, y - 2 = -i*q. List the prime factors of 10/(-8)*(-10 + y).
2, 5
Let l be (-81)/(-18) - (-1)/2. Suppose -4*j = m - 3, -5*j - 5*m + 3 = 18. List the prime factors of (l/(-15))/(j/(-36)).
2, 3
Suppose 0 = -s + 54 - 2. Let i = s + -18. What are the prime factors of i?
2, 17
Let y(l) = l**3 - 7*l**2 - 3. Let p be y(7). Let c = -3 - p. Suppose -2*b + 2*f + c = -20, 44 = 4*b - 2*f. List the prime factors of b.
2, 3
Let h(r) = -r + 21. Suppose 4*c + 9 = -11, -5*g - 20 = 4*c. List the prime factors of h(g).
3, 7
Let z(j) be the second derivative of 3*j**4 + j**3/6 + j**2 + 6*j. List the prime factors of z(-1).
37
Let g(w) = 19*w**2 + 4*w - 10. List the prime factors of g(3).
173
Let q = 114 - 51. What are the prime factors of -2 - 2*q/(-6)?
19
What are the prime factors of (210/(-10))/(1/(-3))?
3, 7
Suppose -4*o = -11 - 29. Suppose 9 = -4*w - q, 7 + 8 = -5*w - 5*q. Let j = o + w. What are the prime factors of j?
2
Let q(i) = 5*i - 4*i + 0*i + 7 + 30. List the prime factors of q(0).
37
Let y(n) = n**3 - 2*n**2 - 3*n + 1. Let l be y(3). Let d(g) = g**2 - g + 1. Let i be d(l). What are the prime factors of -2 + i + 4 + -1?
2
Let b(f) = 2*f**2 - 10*f + 6. Let t be b(6). Let v = t - 6. What are the prime factors of v?
2, 3
Suppose 4*f - 5 = l + 2*l, 0 = -3*l + 3. What are the prime factors of f?
2
Suppose 3*z + 5*d - 99 = 43, 0 = -5*z - 4*d + 228. List the prime factors of z.
2, 11
Suppose 0 = -4*p - 60 + 232. What are the prime factors of p?
43
Let a(h) = -5*h - 10. List the prime factors of a(-8).
2, 3, 5
Let y = 2 + 81. List the prime factors of y.
83
Let l(k) = k**2 - 5*k + 3. Suppose -4*y = -2*j + 24, -5*j + 4*y = 5*y - 5. Let b = j - -4. What are the prime factors of l(b)?
3
Suppose -z + 31 = -5*x, x - 4 = -5*z - 5. Let w be ((-2)/x)/((-2)/(-24)). Suppose w*o = -0*o + 24. What are the prime factors of o?
2, 3
Suppose 1 = -5*r + 11. What are the prime factors of r?
2
Let k = -10 - 1. Let l = k + 20. List the prime factors of l.
3
Let r(f) = f**3 + 4*f**2 - 3*f - 3. Suppose -3*m = 6, 0*v = -4*v - 2*m - 16. Let j be r(v). Suppose 0*g + 3*g - j = 0. List the prime factors of g.
5
Let u(a) = a**2 - 10*a + 24. What are the prime factors of u(15)?
3, 11
Let l be 3*(0 - 1) + -1. Let z = 6 - l. What are the prime factors of z?
2, 5
Let t(s) = s**3 - 6*s**2 - 5*s - 10. Let j be t(7). Suppose 3*k + j = 5*k. Let b(z) = 4*z + 2. What are the prime factors of b(k)?
2, 5
Let z(j) = j**2 + j + 1. Let a be z(-2). Suppose a*x - 4*x = 0. Let d = 14 - x. What are the prime factors of d?
2, 7
Suppose 0*j = -2*j. Suppose 0 = 3*a - j*a - 57. Suppose -3*l + 6*l - a = 4*r, -2*l + 22 = 2*r. What are the prime factors of l?
3
Let x(i) = 2*i**3 - 2*i**2 - 2*i. List the prime factors of x(2).
2
Suppose 2*g = 10, 3*m - 2*g + 2 = 1. Let x(k) = k**3 - k**2 - 2*k + 4. What are the prime factors of x(m)?
2
Let u(r) = -2*r - 4*r**3 - 5*r**2 + 54 - 55 + 3*r**3. Let k = 3 + -8. What are the prime factors of u(k)?
3
Suppose q + 2*m = -3*m + 19, 0 = -5*q + 3*m - 17. Let h = q - -7. Let g(i) = -i**3 + 7*i**2 - 5*i + 5. What are the prime factors of g(h)?
11
Let o = 83 + 20. List the prime factors of o.
103
Suppose 5*x + 15 = d, -4*d = 4*x - 3*x - 18. Let a = 42 - 21. Suppose -d*r + a = -2*r. List the prime factors of r.
7
Let i(b) = -b**3 - 2*b**2 - 4. Suppose 2*r + 2*l = 20, 5*r - 5*l - 7 = 3. Let y = r - 9. List the prime factors of i(y).
5
Suppose c = -0*c - 4*h + 84, 2*c + 3*h - 188 = 0. Suppose c = -3*u + 8*u. List the prime factors of u.
2, 5
Suppose 240 = 3*g - 282. What are the prime factors of g?
2, 3, 29
Let y be 1 + -4 + 7 + -1. Suppose -4*x - y*u + 27 = 0, -u - 2 = -3*x + 2. List the prime factors of x.
3
Suppose 18*i - 488 = 14*i. What are the prime factors of i?
2, 61
Let k(y) = y**3 + 5*y**2 - 5*y + 8. Let h be 6/3 + 10*1. Let x be (0 - (-1)/(-2))*h. List the prime factors of k(x).
2
Let i(s) be the second derivative of s**4/12 + 7*s**3/6 - 2*s**2 + s. What are the prime factors of i(-8)?
2
Let r(w) = -6*w**2 + 0*w**3 - 2*w - 2*w**3 + 2*w**2. Let c = -8 + 6. What are the prime factors of r(c)?
2
Let l = 5 + -4. What are the prime factors of (l + -11)/(1/(-1))?
2, 5
Let j = 6 - 5. Let q(n) be the first derivative of n**3 - n + 1. What are the prime factors of q(j)?
2
Suppose -3*z - w + 59 = -3, 14 = z - w. What are the prime factors of z?
19
Let y(g) = g - 6. Let o be y(9). Suppose -o*u - 2*u + 95 = 0. What are the prime factors of u?
19
Suppose u + 37 = 3*h, -2*u = -4*h - 6*u + 28. List the prime factors of h.
11
Suppose -r = 5*u - 22 - 42, -5*u + 4*r = -44. Suppose 3*y - 7*y + p = u, 2*p = -2*y + 4. What are the prime factors of y/(-8) - 86/(-8)?
11
Suppose -5*a = 2*y - 134, -a + 8 = -5*a. List the prime factors of y.
2, 3
Suppose -5*q + 7 + 9 = k, 2*k = 3*q + 58. List the prime factors of k.
2, 13
Let n be ((-3)/(-3) + 2)*3. What are the prime factors of 4/2 + -6 + n?
5
Suppose -6*k + k + 87 = 4*b, 73 = 3*b - 4*k. Let t = -3 + 9. Let l = b - t. What are the prime factors of l?
17
Suppose -2*k - 177 = 2*b - 741, 2*b + 3*k - 560 = 0. List the prime factors of b.
2, 11, 13
Suppose 18*k - 17*k - 241 = 0. List the prime factors of k.
241
Let q = 564 + -345. What are the prime factors of q?
3, 73
Suppose -3*p = 2*p. Suppose p = -2*l + 7*l - 85. Let q = -12 + l. List the prime factors of q.
5
Suppose -3*a - 3*f = 81, -4*a = -3*f + 5*f + 106. Suppose -i - 12 = 4. Let z = i - a. List the prime factors of z.
2, 5
Let r be 399/(-12) - 2/(-8). What are the prime factors of (-2 + 10/6)*r?
11
Let r = -10 + 7. What are the prime factors of r/(-4)*(4 - -24)?
3, 7
List the prime factors of 3 + (-44)/(-4)*4.
47
Let f(j) = j**3 + 7*j**2 - 8*j + 7. Let p be f(-8). Let q(u) = -u**3 + 8*u**2 - 4*u - 4. List the prime factors of q(p).
17
Let l be 3/(-2)*32/(-12). Let i = l - 12. List the prime factors of (-102)/i - (-15)/(-20).
2, 3
Let u(n) = n**3 + 6*n**2 - 8*n + 3. Let y = -15 + 43. Let a be 1*2*y/(-8). List the prime factors of u(a).
2, 5
Suppose -k = 4*c + 8, c + 7*k = 3*k - 2. List the prime factors of c/8 - 98/(-8).
2, 3
Let d = -78 + 226. What are the prim